-543b97?
543b98
In base 4, what is 20332100222002 + -3?
20332100221333
In base 14, what is -660 + -966d?
-9ccd
In base 15, what is -5 - -95263b7?
95263b2
In base 7, what is -3 + 13301143?
13301140
In base 15, what is -7cb0b3 + 5?
-7cb0ad
In base 4, what is -21033332 - 13210?
-21113202
In base 15, what is 2e2b5c1 - -2?
2e2b5c3
In base 15, what is -6a15c - 47d?
-6a5da
In base 9, what is -5 - -2617568?
2617563
In base 15, what is -657 - -4a5?
-1a2
In base 13, what is -1 - b52cb6?
-b52cb7
In base 8, what is -1 + -76565564?
-76565565
In base 3, what is -12012020100 - 111202?
-12012202002
In base 15, what is -5 + 11e706?
11e701
In base 15, what is dd1 + -4a3e?
-3b5d
In base 4, what is 3232131203 - 31?
3232131112
In base 14, what is ca381 - -248?
ca5c9
In base 14, what is 45d - 7a67?
-7608
In base 3, what is -2 + 110102222112?
110102222110
In base 14, what is -d64ad + -12?
-d64c1
In base 6, what is 5404320250 + 3?
5404320253
In base 3, what is 1001220000 + -10202010?
221010220
In base 16, what is 5 - -c833e?
c8343
In base 3, what is 211121120110112 + -2?
211121120110110
In base 12, what is 1643671 + 0?
1643671
In base 14, what is 2694 - d82?
1712
In base 10, what is -22 + 3699711?
3699689
In base 5, what is 20034 + -4332210?
-4312121
In base 9, what is -30 + -34326302?
-34326332
In base 7, what is 236321112 - -5?
236321120
In base 10, what is 3370601 - -77?
3370678
In base 13, what is -3 + 9bb5836?
9bb5833
In base 11, what is 34575126 - 1?
34575125
In base 13, what is -241a2c3 + 24?
-241a29c
In base 13, what is 34 + 49455?
49489
In base 7, what is 5011 - 106664?
-101653
In base 11, what is -7295 - 2637?
-9921
In base 6, what is -252312 + -3141?
-255453
In base 3, what is 11122212 + 2010100?
20210012
In base 9, what is 1328 + -7002?
-5563
In base 9, what is 6778461 - -13?
6778474
In base 4, what is 303300330233 + 10?
303300330303
In base 7, what is -11653 + -251140?
-263123
In base 14, what is 1abd3 - -cb5?
1baa8
In base 2, what is 10 - 11111111010110010111110001?
-11111111010110010111101111
In base 3, what is -101000220121221 - -120?
-101000220121101
In base 16, what is 4f3b + 33d?
5278
In base 8, what is -2212331 - 6173?
-2220524
In base 12, what is -476 + 2859a?
28124
In base 13, what is 856 + -2b180?
-2a627
In base 2, what is -111 - 10001101001000010011111100?
-10001101001000010100000011
In base 11, what is 81 - a84593?
-a84512
In base 6, what is 3 + -104203140?
-104203133
In base 3, what is 12 - 1021110201222?
-1021110201210
In base 2, what is 101 - 10001000010010010110111010011?
-10001000010010010110111001110
In base 12, what is 353721b + 0?
353721b
In base 9, what is -240 - 3858216?
-3858456
In base 14, what is -2255 - 688?
-28dd
In base 10, what is -120265 - -1059?
-119206
In base 15, what is 762 - 3a9?
3a8
In base 13, what is 0 - 24122951?
-24122951
In base 11, what is -4 - -56366787?
56366783
In base 14, what is c07a41 - -2?
c07a43
In base 9, what is 40478 - 443?
40035
In base 8, what is 3151073 + -2407?
3146464
In base 2, what is -10100101011111 + 111101111001?
-1100111100110
In base 16, what is -4e8841 + -13?
-4e8854
In base 15, what is -c4b - 11bbb?
-12917
In base 14, what is -2d7a428 + -8?
-2d7a432
In base 10, what is 3243236 + -3?
3243233
In base 9, what is 13 - -6822755?
6822768
In base 7, what is 114155552 + 12?
114155564
In base 13, what is 3 - -198396?
198399
In base 5, what is 4 + -1020220243204?
-1020220243200
In base 13, what is 130 + -b0a0?
-ac70
In base 11, what is -3 - 851323?
-851326
In base 2, what is 1100001011001 - -10010000?
1100011101001
In base 13, what is 110038 + 19?
110054
In base 3, what is 10 + -201101000100201?
-201101000100121
In base 9, what is 27304523 - -3?
27304526
In base 6, what is 24415305 + -11?
24415254
In base 4, what is 10 - -1332333301?
1332333311
In base 8, what is -632 - 536363?
-537215
In base 4, what is -211 + 3332100?
3331223
In base 3, what is -2001022010 - -12120?
-2001002120
In base 16, what is 0 - 26cbf9?
-26cbf9
In base 14, what is 41d9 + 1079?
5274
In base 9, what is 245 - 47887?
-47642
In base 9, what is -1 + -2408051?
-2408052
In base 13, what is 418392 - 2?
418390
In base 3, what is -100202222 - 2120120121?
-2221100120
In base 14, what is -1 - -5318739?
5318738
In base 13, what is 2 - 210665aa?
-210665a8
In base 4, what is -21 + -21122223100?
-21122223121
In base 11, what is 5 + 90831661?
90831666
In base 14, what is -2320 + 430?
-1cd0
In base 11, what is 1 + 6505a1a?
6505a20
In base 16, what is -354f + -144?
-3693
In base 6, what is 14031403 - 4145?
14023214
In base 8, what is 4 + -1715271?
-1715265
In base 3, what is -2100012211211110 + 11?
-2100012211211022
In base 5, what is 3 + 44434401310?
44434401313
In base 4, what is 12332013330 + 21?
12332020011
In base 9, what is 34151 - 5427?
27623
In base 13, what is -73ab - 1180?
-855b
In base 4, what is 201 - 12000122322?
-12000122121
In base 2, what is -10101001110101101 - -1101111110011?
-10011011110111010
In base 16, what is 0 - f1cf0d?
-f1cf0d
In base 9, what is -2 - -3403863?
3403861
In base 13, what is 2cc6 - 65?
2c61
In base 3, what is 200020002212 - 110102?
200012122110
In base 4, what is -202113213021 - 3?
-202113213030
In base 4, what is 2032123010 + 210002?
2032333012
In base 9, what is -7 + 38242445?
38242437
In base 10, what is 473 - -493819?
494292
In base 4, what is -13232120 + -100032?
-13332212
In base 2, what is -1010000111011001100 - -100000101?
-1010000110111000111
In base 3, what is 102120 - 100211112220?
-100211010100
In base 9, what is -4141 + -17154?
-22305
In base 15, what is -a0b17 - 11?
-a0b28
In base 13, what is 8 + -2243509?
-2243501
In base 16, what is 21f1d + 600?
2251d
In base 11, what is 304 - 165212?
-164a09
In base 4, what is -2020022013122 + 30?
-2020022013032
In base 16, what is -e9 + 35bcc0?
35bbd7
In base 5, what is -230323423 - 1?
-230323424
In base 8, what is -137071422 - -24?
-137071376
In base 9, what is 3685853 - -44?
3686007
In base 14, what is -39d0030 - -2?
-39d002c
In base 3, what is 11 + 11012021202102221?
11012021202110002
In base 13, what is -943936 - -7?
-94392c
In base 8, what is 32023 - 142373?
-110350
In base 15, what is a52367 + 15?
a5237c
In base 13, what is -96005 + -2?
-96007
In base 12, what is 5407 + 812?
6019
In base 16, what is -1fe0 - -4de?
-1b02
In base 5, what is 10 - 343412442?
-343412432
In base 14, what is 2b0d6ad8 + 1?
2b0d6ad9
In base 11, what is 31807368 - 4?
31807364
In base 6, what is 211 - -15320222?
15320433
In base 6, what is 2 - 140312254?
-140312252
In base 16, what is 28d - eca?
-c3d
In base 12, what is -16b16042 + 4?
-16b1603a
In base 16, what is 41e065e + -4?
41e065a
In base 14, what is 38c87c1 + -4?
38c87bb
In base 8, what is -304 + 55672?
55366
In base 14, what is -27a6a924 - 5?
-27a6a929
In base 2, what is -10111100010110110000 + -1010?
-10111100010110111010
In base 12, what is 2a8a - 5360?
-2492
In base 13, what is 31 + -8a115?
-8a0b4
In base 8, what is -2215 - -1726130?
1723713
In base 12, what is -700653 - 482?
-700b15
In base 4, what is -122330312 + 100010?
-122230302
In base 6, what is 4 - -2341234223?
2341234231
In base 8, what is 0 - -4533166?
4533166
In base 6, what is 432511 + 234?
433145
In base 8, what is 1256507 + 242?
1256751
In base 4, what is 3233 + 31003110?
31013003
In base 6, what is -543 + -3104350?
-3105333
In base 8, what is 1 - 102724355?
-102724354
In base 4, what is -32010 + -312213333?
-312312003
In base 2, what is -1011111110100000111011 + -1101?
-1011111110100001001000
In base 10, what is -732 + 607?
-125
In base 9, what is 6 + -502317?
-502311
In base 14, what is 0 + 1d1ca72?
1d1ca72
In base 15, what is 4 - 98256?
-98252
In base 12, what is -3 + -2214222?
-2214225
In base 8, what is 22662 - -1465?
24347
In base 6, what is -2454320440 + -3?
-2454320443
In base 5, what is 3 - 210224100104?
-210224100101
In base 8, what is -26016322 - -6?
-26016314
In base 10, what is -41 + 18209173?
18209132
In base 14, what is -12568 - 17c?
-12706
In base 13, what is 31 - 1009459?
-1009428
In base 3, what is -20121012220011 + 2201?
-20121012210110
In base 13, what is -82a98cb + -7?
-82a9905
In base 15, what is -1 - 1736531?
-1736532
In base 6, what is 0 + -145441155?
-145441155
In base 15, what is 3 + -8c27c?
-8c279
In base 9, what is -5 + 6